7/(-35) + 4/10*8. Suppose 4*a - 4*q = -q + 392, 0 = l*a + 2*q - 311. What is the tens digit of a?
0
Suppose 130 = 8*r - 3*r. Suppose -5*a + 9 + 6 = 0. Suppose r = a*y - 4. What is the units digit of y?
0
Let s(w) = -w**2 - 6*w + 5. Let l be s(-6). Suppose i = o - 3, l*o + 3 = 3*i + 12. What is the units digit of 1 - (o + (-4 - -2))?
3
Let t = 174 + 1614. What is the thousands digit of t?
1
Suppose 8 = -3*x + 2. What is the units digit of x/16 - (-2810)/80?
5
Let b(s) = 36*s - 21. Let k be b(7). Suppose 4*l - 61 = k. What is the units digit of l?
3
Let z = -28 + -2. Let d be (1 + 19)/((-5)/z). Suppose -m - d = -5*m. What is the units digit of m?
0
Suppose 51*a - 356051 + 75704 = 0. What is the tens digit of a?
9
Suppose 26*g - 25*g = -3*u + 4392, 4*g - 17513 = -u. What is the hundreds digit of g?
3
Suppose 19*a = 17*a + 6*x + 6476, -a = -x - 3232. What is the thousands digit of a?
3
Let h(n) = n**2 + 8*n + 9. Suppose 2*t = t - 7. What is the units digit of h(t)?
2
Let r(v) = 51*v**3 + 7*v**2 - 21*v - 2. What is the tens digit of r(4)?
9
What is the hundreds digit of (24/(-1))/((-20)/460)?
5
Let p = -167 - -285. Suppose -3*m + 149 = 4*h, 3*h + 82 + p = 5*m. What is the tens digit of m?
4
Let j = -18 + 27. Let x = j + -16. Let m = 6 - x. What is the units digit of m?
3
Let u(w) = w**3 + 6*w + 12. Let x be u(0). Suppose x*o + 120 - 600 = 0. What is the units digit of o?
0
Let w(f) = f**3 + 7*f**2 + 2. Let p be w(-7). Suppose 5*q - p*q = 144. Let s = q - 18. What is the tens digit of s?
3
Let a = 381 + 1100. What is the tens digit of a?
8
Let o be -10*2/(-4) + -3. Suppose 0*g - 16 = -o*g. What is the units digit of g?
8
Suppose 43*k - 48*k + 495 = 0. Suppose -u - 93 = -3*t - 25, 4*t - 3*u - k = 0. What is the units digit of t?
1
Suppose 405 = 2*z - 49. Let n = 380 - z. What is the units digit of n?
3
Let p(k) = k - 3. Let u = -19 - -27. Let q(r) = 3*r - 11. Let t be q(u). What is the tens digit of p(t)?
1
Let w = -12 - -11. Suppose 0 = -5*o + 23 + 262. Let b = w + o. What is the tens digit of b?
5
Let d(n) = 3*n**3 - n**2 - 40. Suppose -g = -0*g + 2. Let c(u) = -4*u**3 + 2*u**2 + 41. Let v(a) = g*c(a) - 3*d(a). What is the tens digit of v(0)?
3
Let d(w) = 4*w + 1. Let m be d(-1). Let q be (m*1)/((-3)/12). Suppose -2*u + 3*u - q = 0. What is the tens digit of u?
1
Suppose 6*c = 5 + 7. Suppose -30 = -5*i + 7*h - 2*h, 0 = -i - c*h - 9. Suppose w = 2 + i. What is the units digit of w?
3
Let q = 231 - 386. Let p = 77 + q. Let b = p - -112. What is the tens digit of b?
3
Let o = 27 + -18. Suppose o = 5*p - 1. Suppose 2*a = 3*g + p*g + 65, 0 = -2*a - 3*g + 25. What is the tens digit of a?
2
Suppose 2*u = -3*g + 798, 5*u - 1330 = -5*g + 3*u. What is the hundreds digit of g?
2
Let t(z) = z**3 + 5*z**2 - 3*z + 12. Let o be t(-6). What is the hundreds digit of (4/o)/((-6)/9) - -166?
1
Let v(z) = -z**2 + 63*z - 23. What is the hundreds digit of v(17)?
7
Suppose -13*v + 2552 + 2843 = 0. What is the units digit of v?
5
Let v be (-5)/(-45) - 17/(-9). Suppose 0*p + 122 = v*p. What is the tens digit of p?
6
Let v(s) = 14*s**2 + 21*s + 66. What is the units digit of v(16)?
6
Let n(w) = -w**3 - 16*w - 7 - w**3 + w**3 - 16*w**2. Suppose -2*i = y + 30, -2*y + y = 3*i + 45. What is the units digit of n(i)?
8
Suppose 0 = 5*y - 5*d + 15, -4*d + 10 = -5*y - 0*d. Let q be (-1 - -3)*2 - y. Suppose 0 = 3*z, c + 5*z = q + 7. What is the units digit of c?
9
Suppose 6*v - v = 65. Suppose 3*u + 2*p = -2*p + 59, 3*p = -3. Suppose v = i - u. What is the units digit of i?
4
Let b(z) = 2*z**2 + z. Let j(k) be the second derivative of k**4/4 + k**3/3 + k**2/2 - 10*k. Let s(n) = 5*b(n) - 3*j(n). What is the tens digit of s(-7)?
5
Let m(l) be the second derivative of -77*l**5/120 + l**4/24 - 13*l**3/6 - 6*l. Let f(s) be the second derivative of m(s). What is the units digit of f(-1)?
8
Suppose -4*z - 5*w - 230 + 2487 = 0, z = -5*w + 568. What is the hundreds digit of z?
5
Suppose -3*v - 6 = -5*v. Suppose 2*p = 4*c - 10, -p - 2*c = -v*c + 3. What is the units digit of (-9)/p - (0 + 0)?
9
Suppose -5 = -4*i + i - d, -2*i + 10 = 2*d. Suppose 2*h = -3*j + 600, i + 3 = -h. What is the units digit of j?
2
Let p(s) = s**2 - 3*s - 2. Let o be p(-2). Let g(x) = 18*x - 26. Let h(y) = 9*y - 13. Let t(a) = 6*g(a) - 11*h(a). What is the units digit of t(o)?
9
Let w(x) = -28*x + 119. What is the tens digit of w(-4)?
3
Suppose -49*u + 45*u = 0. Suppose s - 21 = -3*l, u*s - 3*s = l - 23. Suppose -2*g - 172 = -s*g + n, 2*g - n - 84 = 0. What is the units digit of g?
4
Let b be (2 - 0) + 7/(-2)*40. Let m = b - -241. What is the hundreds digit of m?
1
Suppose -50 = 4*j + 110. Let r = j + 75. What is the units digit of r?
5
What is the tens digit of ((-40)/2)/((-52)/754)?
9
Suppose 4*y + 3 = -2*w - 1, -y - 2 = 0. Suppose 2*b + w*b = -g + 86, 0 = 2*g + b - 200. Suppose 5*a = -25, 4*p - 35 = a + g. What is the tens digit of p?
3
Suppose 2*g = 2 - 18. Let b = g + 13. Suppose -x - 3 = 3*a - 28, -173 = -b*x + a. What is the tens digit of x?
3
Let p = 3603 - 1483. What is the thousands digit of p?
2
Let c = 10 - 0. Let f(b) = 7*b + 19. What is the units digit of f(c)?
9
Suppose -t - 180 - 1079 = -3*p, 409 = p - 3*t. What is the tens digit of p?
2
Let n(y) = y**3 - 2*y**2 + 2*y + 1. Let i be n(0). What is the units digit of (49 + 2 + 2)*i?
3
Let t = -1 - -6. Let g = 26 - t. What is the units digit of (-2 - 1) + g/3?
4
Let z = 61 - 56. Suppose -92 = -3*y + g + 3*g, -5*y + 150 = -z*g. What is the units digit of y?
8
Let x = 7253 + -3578. What is the units digit of x?
5
Let w(l) = -l**3 - 5*l**2 + 3. Let p be w(-5). Suppose -618 = -2*j - p*d, -j = 2*d + d - 306. Suppose k + j = 7*k. What is the tens digit of k?
5
Let i(s) = -s**3 - 2*s**2 + s + 4. Let n be i(5). Suppose -17*p = -5*p - 588. What is the units digit of 14/p - n/7?
4
Let i be 3/((-2)/(-102 + 2)). Suppose 344 = 2*v - 5*y, 0 = v + y + 2*y - i. What is the tens digit of v?
6
Let n(d) = -d**3 - 3*d**2 + d + 2. Suppose -2*x = -x + 3. Let w be n(x). What is the units digit of 4 + (1 - w - 2)?
4
Suppose -3*f - 2 = -3*y + 1, 0 = -3*f + 5*y - 3. Let i = 9 + f. Let a = 33 - i. What is the units digit of a?
5
Suppose -3*l = -d - 37, 0*l - 133 = 3*d + 2*l. Let h = 21 - d. What is the tens digit of h?
6
Let h = -49 + 53. Suppose -t + h*t - 4*x = 115, 145 = 3*t + 2*x. What is the tens digit of t?
4
Suppose 2 = -2*o + 3*o. Let h be 24 + (4 - (4 + o)). Suppose 27*s = h*s + 70. What is the units digit of s?
4
Suppose -6 = -2*x - 0. Suppose -x*r + 0*r + 121 = 2*k, -96 = -3*r + 3*k. What is the tens digit of r?
3
Let a = 310 - -528. What is the hundreds digit of a?
8
Let i = 16 - 16. Suppose 2*h - 122 = -i*h. What is the units digit of h?
1
Suppose 5*u - 30 - 10 = 0. Let q be (9 - 5)*10/u. Let b(s) = -s**3 + 4*s**2 + 7*s + 2. What is the tens digit of b(q)?
1
Let s(h) = 24*h + 398. What is the thousands digit of s(28)?
1
Suppose -j - d = -6, 0*j - 10 = -4*j + 3*d. Suppose -i + 25 = j*i. Suppose -3*r = -3*c + 2*c - 98, -i*r + 145 = 2*c. What is the units digit of r?
1
Let w be (-112)/(-18) - (-2)/(-9). Let j be 0/(2 - (-3 + w)). Suppose i + 7 - 25 = j. What is the units digit of i?
8
Let v(i) = i**3 + 20*i**2 + 11*i - 24. What is the units digit of v(-11)?
4
What is the units digit of (-5)/(-340)*65288 + 6/(-51)?
0
Let x be (-16)/12*9/(-6). Suppose o + x*o = 0. Suppose -5*q + 5*z + 77 = 7, -4*z - 8 = o. What is the tens digit of q?
1
What is the units digit of (0 - (1 - 2))*317?
7
What is the units digit of (-97)/(6/(3 + -87))?
8
Let x = -553 + 4019. What is the thousands digit of x?
3
Suppose -i - 5*q + 1857 = 0, i - 234 = -3*q + 1623. What is the tens digit of i?
5
Let i(j) = 5*j**2 - 2*j - 11. What is the hundreds digit of i(-9)?
4
What is the units digit of (38/4 - 21/(-14)) + 4?
5
Let i be (1 + 0)*(8 - 4). Suppose 0 = i*m - 0*m + 80. What is the units digit of (-5)/m - (-14)/8?
2
Let n be (14/(-1))/(-1 - 1). Suppose 0*y + n*y = 49. What is the units digit of y?
7
Suppose 79*z - 24156 = 67*z. What is the thousands digit of z?
2
Suppose 5*t + 4*x = 10192, 5*t + 28*x - 29*x = 10202. What is the units digit of t?
0
Let d(m) = m**2 + 17*m + 24. Let y be d(-15). What is the tens digit of (22 - 60)/(3/(y/4))?
1
Suppose -6*s + 1113 = -225. What is the units digit of s?
3
